{"id":108815,"date":"2023-04-26T21:11:08","date_gmt":"2023-04-27T00:11:08","guid":{"rendered":"https:\/\/porto3.com.br\/MAKAISHOP\/?post_type=product&#038;p=108815"},"modified":"2026-04-27T15:36:51","modified_gmt":"2026-04-27T18:36:51","slug":"ciclismo","status":"publish","type":"product","link":"https:\/\/porto3.com.br\/MAKAISHOP\/produto\/ciclismo\/","title":{"rendered":"CICLISMO"},"content":{"rendered":"<ul><\/ul>\n<ul>\n<li>Treinos presenciais: quartas e sextas das 6h \u00e0s 8h no Parque da Cidade; um domingo por m\u00eas \u00e0s 7h20 em local a combinar.<\/li>\n<li>Os planos presenciais incluem simulados de aquabike (nata\u00e7\u00e3o em \u00e1guas abertas + ciclismo).<\/li>\n<li>Cortesia nos planos presenciais: treino de nata\u00e7\u00e3o em \u00e1guas abertas nos s\u00e1bados, de 7h \u00e0s 8h.<\/li>\n<li>O plano online n\u00e3o inclui treinos presenciais.<\/li>\n<\/ul>\n","protected":false},"excerpt":{"rendered":"<p>Breve Descri\u00e7\u00e3o<\/p>\n","protected":false},"featured_media":108886,"template":"","meta":[],"product_brand":[],"product_cat":[15],"product_tag":[],"class_list":{"0":"post-108815","1":"product","2":"type-product","3":"status-publish","4":"has-post-thumbnail","6":"product_cat-sem-categoria","8":"first","9":"instock","10":"shipping-taxable","11":"purchasable","12":"product-type-variable-subscription"},"_links":{"self":[{"href":"https:\/\/porto3.com.br\/MAKAISHOP\/wp-json\/wp\/v2\/product\/108815","targetHints":{"allow":["GET"]}}],"collection":[{"href":"https:\/\/porto3.com.br\/MAKAISHOP\/wp-json\/wp\/v2\/product"}],"about":[{"href":"https:\/\/porto3.com.br\/MAKAISHOP\/wp-json\/wp\/v2\/types\/product"}],"wp:featuredmedia":[{"embeddable":true,"href":"https:\/\/porto3.com.br\/MAKAISHOP\/wp-json\/wp\/v2\/media\/108886"}],"wp:attachment":[{"href":"https:\/\/porto3.com.br\/MAKAISHOP\/wp-json\/wp\/v2\/media?parent=108815"}],"wp:term":[{"taxonomy":"product_brand","embeddable":true,"href":"https:\/\/porto3.com.br\/MAKAISHOP\/wp-json\/wp\/v2\/product_brand?post=108815"},{"taxonomy":"product_cat","embeddable":true,"href":"https:\/\/porto3.com.br\/MAKAISHOP\/wp-json\/wp\/v2\/product_cat?post=108815"},{"taxonomy":"product_tag","embeddable":true,"href":"https:\/\/porto3.com.br\/MAKAISHOP\/wp-json\/wp\/v2\/product_tag?post=108815"}],"curies":[{"name":"wp","href":"https:\/\/api.w.org\/{rel}","templated":true}]}}